{"id":2261,"date":"2025-09-21T23:09:16","date_gmt":"2025-09-21T22:09:16","guid":{"rendered":"https:\/\/www.honojudoklubb.se\/?page_id=2261"},"modified":"2025-09-21T23:19:53","modified_gmt":"2025-09-21T22:19:53","slug":"fotografering","status":"publish","type":"page","link":"https:\/\/www.honojudoklubb.se\/?page_id=2261","title":{"rendered":"Fotografering"},"content":{"rendered":"\n<h1 class=\"wp-block-heading\">Riktlinjer f\u00f6r fotografering under aktivitet hos H\u00f6n\u00f6 Judoklubb.<\/h1>\n\n\n\n<p>Under H\u00f6n\u00f6 Judoklubbs aktivister f\u00f6rekommer det att foto tas f\u00f6r sociala medier och liknande. Vi publicerar aldrig namn p\u00e5 de som syns p\u00e5 bilderna utan att personen godk\u00e4nt det.<br>Genom medlemsans\u00f6kan har samtliga medlemmar godk\u00e4nts att s\u00e5 kan ske.<\/p>\n\n\n\n<p><strong>F\u00f6r det juridiska g\u00e4ller f\u00f6ljande:<\/strong><\/p>\n\n\n\n<p>F\u00f6r att bli medlem m\u00e5ste man f\u00f6lja klubbens stadgar och punkter som anges vid ans\u00f6kan. En av dessa \u00e4r att till\u00e5ta foto vid l\u00e4ger, tr\u00e4ning och liknande. Om man inte godk\u00e4nner kan man ej bli medlem.<\/p>\n\n\n\n<p>R\u00e4ttsligt g\u00e4ller att en idrottsf\u00f6rening f\u00e5r neka medlemskap om det inte \u00e4r diskriminerande enligt <a href=\"https:\/\/www.google.com\/search?client=firefox-b-d&amp;sca_esv=1762c9127f71a72d&amp;cs=0&amp;sxsrf=AE3TifM6q8dBGOaMVoMjwKXTvnLX7D4Qzg%3A1758489412152&amp;q=diskrimineringslagen&amp;sa=X&amp;ved=2ahUKEwjhierF4-qPAxWsQvEDHVE4CbIQxccNegQIAhAB&amp;mstk=AUtExfCcV5MZPwnQbomxLVnyn7qwOrxIT5uU1gM0AlIk4Gn8CXRjyOlNTyTFtyeVdBh4ruM1lqh8yKtB0LKYewDcZz2Cn67yi0DONkdIaDoIzfOM4yFyeAtj97xn37DPydNHe6OJBUFMnpn25yzCy2troYKp0cWszVgR1sSB2nYGbi4unKN96w12j_KwEa0ECnP4xPqLvgODG4M0wrBHaSjRL5KpfRcNKKoJt8vpVJJgzaBNx-Wkfyp_hNTCAWwRt05psO9fMnczYchVsbst_BeatnlbFKIEeG5llZi1Zy02aK9VLebEd7BFj2HvjcJBfqZOClLy097grLGSjUCWuZP3CiXHNZ_2k67g99zbY5npMrCKPNY7T6sPZ1aOJL9Hq_OCOHAUVscIRTbdM42DTVG4XkqP7JH9q_GS-dBWzkBHY7E&amp;csui=3\" target=\"_blank\" rel=\"noreferrer noopener\">diskrimineringslagen<\/a>.<\/p>\n\n\n\n<p>Vad r\u00e4knas som diskriminering?<\/p>\n\n\n\n<p>Diskriminering \u00e4r n\u00e4r man nekats intr\u00e4de p\u00e5 grund av:&nbsp;<\/p>\n\n\n\n<p>K\u00f6n, Sexuell l\u00e4ggning, Etnisk tillh\u00f6righet, Religion eller annan trosuppfattning, \u00c5lder, Funktionsneds\u00e4ttning.<\/p>\n\n\n\n<p>Men vad g\u00e4ller f\u00f6r &#8221;fotografering och personlig integritet&#8221;<\/p>\n\n\n\n<ul class=\"wp-block-list\">\n<li><strong>Att inte vilja vara med p\u00e5 foton handlar inte om de diskriminerande grunderna.&nbsp;<\/strong><\/li>\n<\/ul>\n\n\n\n<p><strong>Sammanfattning<\/strong><\/p>\n\n\n\n<p>Om du inte vill finnas med p\u00e5 bild \u00e4r det inte en diskriminerande grund vilket g\u00f6r att f\u00f6reningen kan neka dig intr\u00e4de utan att bryta mot lagen.<br><\/p>\n\n\n\n<p><em>Om du har skyddad identitet kommer detta naturligtvis att s\u00e4rskiljas och vi kommer granska varje foto d\u00e4r den skyddade kan f\u00f6rekomma.<\/em><\/p>\n\n\n\n<p><\/p>\n","protected":false},"excerpt":{"rendered":"<p>Riktlinjer f\u00f6r fotografering under aktivitet hos H\u00f6n\u00f6 Judoklubb. Under H\u00f6n\u00f6 Judoklubbs aktivister f\u00f6rekommer det att foto tas f\u00f6r sociala medier och liknande. Vi publicerar aldrig namn p\u00e5 de som syns p\u00e5 bilderna utan att personen godk\u00e4nt det.Genom medlemsans\u00f6kan har samtliga &hellip; <a href=\"https:\/\/www.honojudoklubb.se\/?page_id=2261\">L\u00e4s mer <span class=\"meta-nav\">&rarr;<\/span><\/a><\/p>\n","protected":false},"author":1,"featured_media":0,"parent":0,"menu_order":0,"comment_status":"closed","ping_status":"closed","template":"","meta":{"footnotes":""},"class_list":["post-2261","page","type-page","status-publish","hentry"],"jetpack_sharing_enabled":true,"_links":{"self":[{"href":"https:\/\/www.honojudoklubb.se\/index.php?rest_route=\/wp\/v2\/pages\/2261","targetHints":{"allow":["GET"]}}],"collection":[{"href":"https:\/\/www.honojudoklubb.se\/index.php?rest_route=\/wp\/v2\/pages"}],"about":[{"href":"https:\/\/www.honojudoklubb.se\/index.php?rest_route=\/wp\/v2\/types\/page"}],"author":[{"embeddable":true,"href":"https:\/\/www.honojudoklubb.se\/index.php?rest_route=\/wp\/v2\/users\/1"}],"replies":[{"embeddable":true,"href":"https:\/\/www.honojudoklubb.se\/index.php?rest_route=%2Fwp%2Fv2%2Fcomments&post=2261"}],"version-history":[{"count":2,"href":"https:\/\/www.honojudoklubb.se\/index.php?rest_route=\/wp\/v2\/pages\/2261\/revisions"}],"predecessor-version":[{"id":2265,"href":"https:\/\/www.honojudoklubb.se\/index.php?rest_route=\/wp\/v2\/pages\/2261\/revisions\/2265"}],"wp:attachment":[{"href":"https:\/\/www.honojudoklubb.se\/index.php?rest_route=%2Fwp%2Fv2%2Fmedia&parent=2261"}],"curies":[{"name":"wp","href":"https:\/\/api.w.org\/{rel}","templated":true}]}}