{"id":583,"date":"2015-04-15T21:00:41","date_gmt":"2015-04-15T20:00:41","guid":{"rendered":"http:\/\/www.honojudoklubb.se\/?page_id=583"},"modified":"2020-11-19T23:16:45","modified_gmt":"2020-11-19T22:16:45","slug":"klubbshoppen","status":"publish","type":"page","link":"https:\/\/www.honojudoklubb.se\/?page_id=583","title":{"rendered":"Klubbshoppen"},"content":{"rendered":"\n<p>Vi har de flesta storlekar i lager i v\u00e5rt sk\u00e5p p\u00e5 Bratteberg. S\u00f6k upp n\u00e5gon av tr\u00e4narna s\u00e5 hj\u00e4lper vi er att hitta r\u00e4tt dr\u00e4kt. <\/p>\n","protected":false},"excerpt":{"rendered":"<p>Vi har de flesta storlekar i lager i v\u00e5rt sk\u00e5p p\u00e5 Bratteberg. S\u00f6k upp n\u00e5gon av tr\u00e4narna s\u00e5 hj\u00e4lper vi er att hitta r\u00e4tt dr\u00e4kt.<\/p>\n","protected":false},"author":1,"featured_media":0,"parent":0,"menu_order":0,"comment_status":"closed","ping_status":"closed","template":"tpl-one-col-wide.php","meta":{"footnotes":""},"class_list":["post-583","page","type-page","status-publish","hentry"],"jetpack_sharing_enabled":false,"_links":{"self":[{"href":"https:\/\/www.honojudoklubb.se\/index.php?rest_route=\/wp\/v2\/pages\/583","targetHints":{"allow":["GET"]}}],"collection":[{"href":"https:\/\/www.honojudoklubb.se\/index.php?rest_route=\/wp\/v2\/pages"}],"about":[{"href":"https:\/\/www.honojudoklubb.se\/index.php?rest_route=\/wp\/v2\/types\/page"}],"author":[{"embeddable":true,"href":"https:\/\/www.honojudoklubb.se\/index.php?rest_route=\/wp\/v2\/users\/1"}],"replies":[{"embeddable":true,"href":"https:\/\/www.honojudoklubb.se\/index.php?rest_route=%2Fwp%2Fv2%2Fcomments&post=583"}],"version-history":[{"count":4,"href":"https:\/\/www.honojudoklubb.se\/index.php?rest_route=\/wp\/v2\/pages\/583\/revisions"}],"predecessor-version":[{"id":1978,"href":"https:\/\/www.honojudoklubb.se\/index.php?rest_route=\/wp\/v2\/pages\/583\/revisions\/1978"}],"wp:attachment":[{"href":"https:\/\/www.honojudoklubb.se\/index.php?rest_route=%2Fwp%2Fv2%2Fmedia&parent=583"}],"curies":[{"name":"wp","href":"https:\/\/api.w.org\/{rel}","templated":true}]}}